pose 7 = -4*j - 3*o + 2, 4*j - 4*o + 12 = 0. Let d(g) = -23*g**3 + 3*g**2 + 3*g + 3. What is the units digit of d(j)?
3
Let y(c) be the second derivative of -c**3/2 - 11*c**2/2 + 2*c. Let j be y(-5). What is the units digit of (j/(-6))/(1/(-27))?
8
What is the hundreds digit of -205*(-9)/45*4?
1
Suppose 3*r = 3*a + 606, 5*r = a - 5*a - 781. What is the units digit of a*((-6)/3)/2?
9
Suppose 0 = 3*l - 360 - 354. What is the tens digit of l?
3
Let a = 177 - -12. What is the tens digit of a?
8
Let s(j) = 3*j. Let z be s(-2). Let v(i) = -2*i**2 - i + 2. Let f be v(z). What is the tens digit of 302/8 + (-16)/f?
3
Let u(i) = -i**2 + 8*i + 4. Let c be u(8). Let t be 6/(-1)*c/(-6). Suppose 2*w + t*f - 4 = -0*w, -6 = -3*w - f. What is the units digit of w?
2
Suppose 2*s - 5*s = -2*z - 8, 0 = -z - 2*s + 10. Let u = 36 + z. What is the units digit of (3 - 15/10)*u?
7
Let b = -22 + 25. Suppose 0 = -j + 5, b*c - 5*j + 17 = -c. What is the units digit of c?
2
Suppose -39 = t - 34. What is the tens digit of (t + 20/3)*117?
9
Let u = 2 - -1. Suppose -4*w - 3*t = -399, -3*w = -u*t - 0*t - 294. What is the tens digit of 3/(-21) + w/7?
1
Let n(d) = d**2 - 4*d + 14. Let l be (105/45)/(2/6). Let j be n(l). What is the units digit of 21/j + 62/5?
3
Suppose -2*h = -0*h - 68. Suppose 8*y - 486 - h = 0. What is the tens digit of y?
6
Let i(s) be the first derivative of -1/3*s**3 + 9 + 11*s - 15/2*s**2. What is the units digit of i(-11)?
5
Let j = 2271 - 351. What is the thousands digit of j?
1
Suppose -5*s = 3*x - 606, -s - 115 = -2*x + 276. Let o be ((-309)/2 - -1)*-2. Suppose -x = -8*a + o. What is the tens digit of a?
6
Let g = 37 - 25. Suppose 3*o - g + 6 = 0. Let p(b) = 8*b**3 - 6*b + 4. What is the units digit of p(o)?
6
What is the thousands digit of 4/(-11) - (-25)/((-550)/(-108996))?
4
Suppose -s + 15 = 3*n, -5*n + 6*s - 2*s + 25 = 0. Suppose 5 = u, -2*w + 6*w + n*u - 29 = 0. What is the tens digit of 2/(2*w/27)?
2
Suppose -4*o + 3 = -9. Suppose c - o*t = -c + 12, -c = -5*t - 13. What is the tens digit of 37 + -3*(-3)/c?
4
Suppose -781 + 151 = 5*k. Let c = -84 - k. What is the tens digit of c?
4
Let u(t) be the second derivative of -17*t**5/4 + t**4/12 + t**3/6 + 42*t. What is the tens digit of u(-1)?
8
Let s(z) = -11*z + 235. What is the hundreds digit of s(12)?
1
Let d(z) = -z**3 + z**2 - 2. Let q(c) = -c - 3. Let s be q(-7). Suppose -2*i - s = 2. What is the tens digit of d(i)?
3
Suppose -3*n + 1025 = a, 3*n = -2*n - 5*a + 1715. What is the tens digit of n?
4
Let q be (12/20*1)/(1/15). What is the units digit of q*(0 + 2*(-3)/(-6))?
9
Suppose -7*y + 650 = 5*a - 2*y, 2*a - 274 = 5*y. Let h = a + -76. Suppose -4 = -4*u + h. What is the units digit of u?
5
What is the hundreds digit of ((-12)/8)/(69/(-34592))?
7
Suppose 0 = 16*t - 20 - 12. Suppose 2*l - 108 = t*b, 5*l + 2*b - 339 = -83. What is the tens digit of l?
5
Let h = -1542 + 3453. What is the thousands digit of h?
1
Suppose 0 = 5*p - v - 39, 3 = 2*v + 1. Let m be (-4 + -8)*(-18)/p. Let r = m + 12. What is the units digit of r?
9
Let s be (50 - -7)*(-1)/(-3). Let y = -2 + s. Suppose 0 = 4*c - 91 - y. What is the tens digit of c?
2
Suppose 0 = v - 5*f + 25, f - 15 = -2*f. Suppose v = -5*c + 234 + 61. What is the tens digit of c?
5
Let c(l) = -l + 9. Let i be c(5). Let r(d) = -3*d - 1. Let b be r(-2). Suppose -b*g - i = -99. What is the units digit of g?
9
Let a = 322 + -263. What is the tens digit of a?
5
Let w be 2*((-60)/(-8) + 4). Let h = 35 + w. What is the tens digit of h?
5
Let t be (6/(-7))/((-6)/28). Suppose -12 - 2 = -g. Suppose -g + t = -v. What is the units digit of v?
0
Suppose 26*w - 11100 = 23*w. What is the hundreds digit of w?
7
Suppose o + q = 120, -4*q - 129 = -2*o + 81. What is the hundreds digit of o?
1
Let a = 36 - 34. Suppose 0 = -4*k - 4*l + 5*l + 710, 4*k = -a*l + 716. What is the tens digit of k?
7
Suppose -2*i + z = -273 - 86, i + 4*z - 193 = 0. Let l = i + -58. What is the units digit of l?
3
Let q be (-5)/15 - 17/3. Let i be (21/(-14))/(q/8). Suppose -4*w + 25 = -5*u - 34, 3*w - i*u = 53. What is the tens digit of w?
2
Let b = 43 - 61. Let d be (4/6)/(b/(-2241)). Suppose 3*w + d = 5*i, -4 = -i - w + 11. What is the units digit of i?
6
Let i = 738 - 88. What is the tens digit of i?
5
Let d(a) = 3*a**2 + a - 5. Let l be d(2). Let t be -30*(17/(-2))/1. What is the units digit of t/l + (-6)/(-9)?
9
Suppose 20530 = 5*s - 5*z, 16445 = 4*s + 79*z - 76*z. What is the hundreds digit of s?
1
Suppose l = -2*s + 2 + 292, -1170 = -4*l - 2*s. Suppose 0 = -5*w + p - l, 294 = w - 6*w + 2*p. Let d = 1 - w. What is the units digit of d?
9
Let m = 997 + -702. What is the units digit of m?
5
Let m be (-8)/2 - (-5)/(-5). Let v be (-39)/65 - 33/m. Suppose 4*b + v = 18. What is the units digit of b?
3
Let r(j) = -j + 4. Let g be r(-15). Suppose -5*k - 2 = 2*f + 2*f, -2*k + g = -5*f. What is the units digit of k?
2
Let z(x) = 4*x**2 - 8*x + 20. Let m(q) = 4*q**2 - 7*q + 20. Let k(h) = -3*m(h) + 4*z(h). What is the units digit of k(5)?
5
Let r = 640 + -259. What is the hundreds digit of r?
3
Let v(j) be the third derivative of -j**6/120 + j**5/20 - j**4/24 - j**3/3 + 3*j**2. Let x be v(2). Suppose x*n - n + 27 = 0. What is the units digit of n?
7
What is the units digit of 19 + -20 + 1*-3 - -1694?
0
Let i = -21 - -30. Let c = 8 - i. What is the tens digit of -4 + ((-2)/c - -54)?
5
Let o(z) be the first derivative of z**3 - z**2 + 12*z + 5. Let i be o(-13). What is the units digit of i/25 - 3/(-15)?
2
Suppose -19*y = -4741 + 789. What is the tens digit of y?
0
Let v = 117 + 99. What is the units digit of v?
6
Let w = -38 - -40. Suppose 2*j - 5*j + 110 = c, w*c - 2*j - 236 = 0. What is the hundreds digit of c?
1
Let n = 25 + -23. Suppose 0*o + 3*o - 18 = -n*w, -3 = w. What is the units digit of o?
8
Let f be 2*((-17)/(-2) - 4). Suppose -f*o + 5*o + 384 = 0. Suppose 0*v + o = 3*v. What is the units digit of v?
2
Let h(b) = -b**2 + 7*b + 1. Let p be h(6). Suppose -5 = -3*j + p. Suppose -5*t = 4*x - 0*x - 76, 0 = j*x - 2*t - 48. What is the tens digit of x?
1
Suppose -1923 = -k + 4*c, 5*k - 2*c = 7731 + 1902. What is the thousands digit of k?
1
Suppose 219 = -9*s + 10*s. Suppose -5*d + s = v, 0*d - 51 = -d - 2*v. What is the units digit of d?
3
Suppose 0 = -w - 14 - 21. What is the tens digit of (5 - (-301)/w)*50/(-3)?
6
Let p = -29 - -26. What is the tens digit of ((-1364)/(-12) - 1) + p/(-9)?
1
Let t(u) = -u + 9. Let z be t(5). Suppose -z*j = -58 - 150. Suppose -24 = -c + 5*w, -3*w = -3*c - 16 + j. What is the units digit of c?
9
Suppose 58*s - 114720 = 10*s. What is the thousands digit of s?
2
Suppose 0 = -5*s - 4*s + 11*s. Suppose h + 20 = o, s = -8*h + 3*h - 20. What is the tens digit of o?
1
Suppose -4*n = 2*a - 1592, -a + 4*a + 2*n - 2400 = 0. What is the hundreds digit of a?
8
Suppose -2*n + 155 = -7*n. Let o = n - -159. Suppose o = 5*j - 2*u, -u + 53 = 2*j - 0*u. What is the units digit of j?
6
Let p = -4 + -5. Let v be 0 - (p + 1)*8. Suppose -5*q + 2*b + 255 = 0, -q + b + 2*b = -v. What is the tens digit of q?
4
Suppose 2*p = -x, -3*p - 4*x = -4*p. What is the tens digit of (p/2 - -42) + 22/(-11)?
4
Suppose 5*v + 11*r - 2034 = 8*r, 4*v + 4*r - 1632 = 0. What is the tens digit of v?
0
Let s = -32 + 23. Let j(z) = -2 - z**3 - 6*z**2 + 0 - 10*z - 4*z**2. What is the units digit of j(s)?
7
Let a be 2/8 - 1272/(-32). Let s = 33 + a. What is the tens digit of s?
7
Let g be 5/(-10) + (-83)/2. Let v = g - -93. What is the units digit of v?
1
Let g(r) = 36*r**2 - 4*r - 5. What is the hundreds digit of g(3)?
3
Let b(r) = -r**3 - 29*r**2 - 12*r + 62. What is the units digit of b(-29)?
0
Let c = -7 + 8. Suppose 2*w - c = 3. What is the units digit of w?
2
Let d(q) = -134*q**3 + 4*q**2 - 23*q - 77. What is the thousands digit of d(-3)?
3
Let z(d) = -92*d**2 - 14*d - 11. Let l(r) = -31*r**2 - 5*r - 4. Let n(s) = 17*l(s) - 6*z(s). What is the units digit of n(2)?
6
Let m(t) = -11*t - 13. Let v be m(-5). Suppose -3*j + v = 5*w, 4*w = 6*w. What is the units digit of j?
4
Suppose -2300 = -13*r - 285. What is the tens digit of r?
5
What is the hundreds digit of (-534)/(-5) + (20/(-5))/(-20)?
1
Let j = 41 - 47. What is the tens digit of 8/((-4)/108*j)?
3
Let u(i) = i**3 - i**2 - i + 9. Let g be u(0). Let w be 